{"id":826,"date":"2023-11-08T07:14:20","date_gmt":"2023-11-08T07:14:20","guid":{"rendered":"https:\/\/nutricion.facmed.unam.mx\/?page_id=826"},"modified":"2026-04-20T14:31:52","modified_gmt":"2026-04-20T14:31:52","slug":"atencion-nutricion","status":"publish","type":"page","link":"https:\/\/nutricion.facmed.unam.mx\/index.php\/atencion-nutricion\/","title":{"rendered":"Atenci\u00f3n Nutricional"},"content":{"rendered":"<p>[et_pb_section fb_built=\u00bb1&#8243; fullwidth=\u00bbon\u00bb _builder_version=\u00bb4.22.1&#8243; _module_preset=\u00bbdefault\u00bb global_colors_info=\u00bb{}\u00bb][et_pb_fullwidth_image src=\u00bbhttps:\/\/nutricion.facmed.unam.mx\/wp-content\/uploads\/2025\/11\/aten_nutr-scaled.jpg\u00bb title_text=\u00bbaten_nutr\u00bb _builder_version=\u00bb4.27.4&#8243; _module_preset=\u00bbdefault\u00bb width=\u00bb67%\u00bb max_width=\u00bb100%\u00bb module_alignment=\u00bbcenter\u00bb custom_padding=\u00bb||0px|||\u00bb global_colors_info=\u00bb{}\u00bb][\/et_pb_fullwidth_image][\/et_pb_section][et_pb_section fb_built=\u00bb1&#8243; _builder_version=\u00bb4.22.1&#8243; _module_preset=\u00bbdefault\u00bb min_height=\u00bb1685.3px\u00bb custom_margin=\u00bb||-111px|||\u00bb custom_padding=\u00bb22px|||||\u00bb global_colors_info=\u00bb{}\u00bb][et_pb_row column_structure=\u00bb1_3,1_3,1_3&#8243; _builder_version=\u00bb4.22.1&#8243; _module_preset=\u00bbdefault\u00bb global_colors_info=\u00bb{}\u00bb][et_pb_column type=\u00bb1_3&#8243; _builder_version=\u00bb4.22.1&#8243; _module_preset=\u00bbdefault\u00bb global_colors_info=\u00bb{}\u00bb][\/et_pb_column][et_pb_column type=\u00bb1_3&#8243; _builder_version=\u00bb4.22.1&#8243; _module_preset=\u00bbdefault\u00bb global_colors_info=\u00bb{}\u00bb][et_pb_image src=\u00bbhttps:\/\/nutricion.facmed.unam.mx\/wp-content\/uploads\/2025\/05\/Sin-titulo-3.png\u00bb title_text=\u00bbSin ti\u0301tulo-3&#8243; _builder_version=\u00bb4.22.1&#8243; _module_preset=\u00bbdefault\u00bb global_colors_info=\u00bb{}\u00bb][\/et_pb_image][\/et_pb_column][et_pb_column type=\u00bb1_3&#8243; _builder_version=\u00bb4.22.1&#8243; _module_preset=\u00bbdefault\u00bb global_colors_info=\u00bb{}\u00bb][\/et_pb_column][\/et_pb_row][et_pb_row _builder_version=\u00bb4.22.1&#8243; _module_preset=\u00bbdefault\u00bb custom_margin=\u00bb-35px|auto||auto||\u00bb global_colors_info=\u00bb{}\u00bb][et_pb_column type=\u00bb4_4&#8243; _builder_version=\u00bb4.22.1&#8243; _module_preset=\u00bbdefault\u00bb global_colors_info=\u00bb{}\u00bb][et_pb_text _builder_version=\u00bb4.27.4&#8243; _module_preset=\u00bbdefault\u00bb text_font_size=\u00bb16px\u00bb min_height=\u00bb107.3px\u00bb custom_padding=\u00bb12px|||||\u00bb global_colors_info=\u00bb{}\u00bb]<\/p>\n<div class=\"et-module-947a6403-1412-4d11-87d5-d17dc471630a et_pb_row ui-sortable et_pb_row_1 et-animated--vb et_fb_element_controls_visible et-first-child et_pb_hovered et_pb_row_structure-4_4\" data-address=\"1.0\" data-specialty-layout=\"false\">\n<div class=\"et-module-890aaef0-5472-43f2-852a-d8391c5af6d1 et_pb_column ui-sortable et-animated--vb et_pb_column_4_4 et_pb_column_1 et-first-child et-last-child et_pb_with_border\" data-address=\"1.0.0\">\n<div class=\"et_fb_editing_enabled et-module-fe222566-0425-4794-a41d-5e85d304592c et_pb_text et_pb_module ui-sortable et_pb_text_0 et-animated--vb et_pb_text_align_left et_pb_bg_layout_light et-first-child et-last-child\" data-address=\"1.0.0.0\" dynamic=\"[object Object]\" matching=\"[object Object]\" _key=\"fe222566-0425-4794-a41d-5e85d304592c\" parent_slug=\"et_pb_column\">\n<div class=\"et_pb_text_inner\">\n<div data-shortcode-id=\"1.0.0.0-1699240169813\" data-quickaccess-editable=\"yes\" class=\"et-fb-popover-tinymce\">\n<div class=\"mce-content-body\" contenteditable=\"true\" style=\"position: relative;\">\n<p class=\"p1\" style=\"text-align: center;\">La Licenciatura en Ciencia de la Nutrici\u00f3n Humana ofrece a la comunidad-UNAM y poblaci\u00f3n en general atenci\u00f3n nutricia y promoci\u00f3n de la salud, con el fin de prevenir y atender problemas de salud relacionados con la alimentaci\u00f3n y nutrici\u00f3n.<\/p>\n<p class=\"p1\" style=\"text-align: center;\">El modelo de atenci\u00f3n se basa en los est\u00e1ndares nacionales e internaciones de atenci\u00f3n nutricia. Le permitir\u00e1 a las y los estudiantes aplicar y fortalecer sus competencias tanto del \u00e1rea cl\u00ednica como en investigaci\u00f3n.<\/p>\n<\/div>\n<\/div>\n<\/div>\n<\/div>\n<\/div>\n<\/div>\n<p>[\/et_pb_text][\/et_pb_column][\/et_pb_row][et_pb_row _builder_version=\u00bb4.22.1&#8243; _module_preset=\u00bbdefault\u00bb global_colors_info=\u00bb{}\u00bb][et_pb_column type=\u00bb4_4&#8243; _builder_version=\u00bb4.22.1&#8243; _module_preset=\u00bbdefault\u00bb global_colors_info=\u00bb{}\u00bb][et_pb_icon font_icon=\u00bb&#xf017;||fa||400&#8243; _builder_version=\u00bb4.22.1&#8243; _module_preset=\u00bbdefault\u00bb custom_margin=\u00bb-54px|||||\u00bb global_colors_info=\u00bb{}\u00bb][\/et_pb_icon][et_pb_text _builder_version=\u00bb4.27.6&#8243; _module_preset=\u00bbdefault\u00bb text_font_size=\u00bb16px\u00bb custom_margin=\u00bb||39px|||\u00bb hover_enabled=\u00bb0&#8243; global_colors_info=\u00bb{}\u00bb sticky_enabled=\u00bb0&#8243;]<\/p>\n<p style=\"text-align: center;\"><strong>Horarios de Atenci\u00f3n:<br \/>Matuntino<\/strong><br \/>Lunes a Viernes<br \/>De 08:00 hrs. A 14:00 hrs.<\/p>\n<p style=\"text-align: center;\"><strong>Vespertino<\/strong><br \/>Martes a Viernes<br \/>De 16:00 hrs. a 18:00 hrs<\/p>\n<p>[\/et_pb_text][et_pb_text content_tablet=\u00bb<\/p>\n<p style=%22text-align: center;%22><strong>COSTOS<\/strong><\/p>\n<p>\u00bb content_phone=\u00bb<\/p>\n<p style=%22text-align: center;%22><strong>COSTOS<\/strong><\/p>\n<p>\u00bb content_last_edited=\u00bbon|phone\u00bb _builder_version=\u00bb4.22.1&#8243; _module_preset=\u00bbdefault\u00bb text_font_size=\u00bb25px\u00bb min_height=\u00bb66.8px\u00bb custom_margin=\u00bb||-21px|||\u00bb custom_padding=\u00bb0px||0px|||\u00bb locked=\u00bboff\u00bb global_colors_info=\u00bb{}\u00bb]<\/p>\n<p style=\"text-align: center;\"><strong>COSTOS<\/strong><\/p>\n<p>[\/et_pb_text][\/et_pb_column][\/et_pb_row][et_pb_row _builder_version=\u00bb4.22.1&#8243; _module_preset=\u00bbdefault\u00bb min_height=\u00bb277.7px\u00bb custom_margin=\u00bb-37px|auto||auto||\u00bb custom_padding=\u00bb0px|||||\u00bb hover_enabled=\u00bb0&#8243; global_colors_info=\u00bb{}\u00bb sticky_enabled=\u00bb0&#8243;][et_pb_column type=\u00bb4_4&#8243; _builder_version=\u00bb4.22.1&#8243; _module_preset=\u00bbdefault\u00bb global_colors_info=\u00bb{}\u00bb][et_pb_pricing_tables featured_table_background_color=\u00bbRGBA(255,255,255,0)\u00bb header_background_color=\u00bb#88C4DD\u00bb show_bullet=\u00bboff\u00bb _builder_version=\u00bb4.27.6&#8243; _module_preset=\u00bbdefault\u00bb price_font=\u00bb|600|||||||\u00bb custom_padding=\u00bb||0px|||\u00bb hover_enabled=\u00bb0&#8243; background_last_edited=\u00bbon|desktop\u00bb global_colors_info=\u00bb{}\u00bb sticky_enabled=\u00bb0&#8243; featured_table_price_color=\u00bb#000000&#8243;][et_pb_pricing_table featured=\u00bbon\u00bb title=\u00bbEstudiantes UNAM\u00bb subtitle=\u00bbConsulta\u00bb sum=\u00bb$150.00 MX\u00bb subtitle_tablet=\u00bbConsulta\u00bb subtitle_phone=\u00bbConsulta\u00bb subtitle_last_edited=\u00bbon|desktop\u00bb _builder_version=\u00bb4.27.6&#8243; _module_preset=\u00bbdefault\u00bb body_font_size=\u00bb13px\u00bb price_font_size=\u00bb25px\u00bb background_color=\u00bbRGBA(255,255,255,0)\u00bb background_enable_color=\u00bbon\u00bb hover_enabled=\u00bb0&#8243; global_colors_info=\u00bb{}\u00bb sticky_transition=\u00bbon\u00bb bullet_color=\u00bbRGBA(255,255,255,0)\u00bb header_level=\u00bbh2&#8243; header_background_color=\u00bb#06266b\u00bb sticky_enabled=\u00bb0&#8243;][\/et_pb_pricing_table][et_pb_pricing_table featured=\u00bbon\u00bb title=\u00bbAcad\u00e9micos, Trabajadores y Sistema Incorporado\t\u00bb subtitle=\u00bbConsulta\u00bb sum=\u00bb$ 300.00 MX\u00bb _builder_version=\u00bb4.27.6&#8243; _module_preset=\u00bbdefault\u00bb header_level=\u00bbh3&#8243; body_font_size=\u00bb13px\u00bb price_font_size=\u00bb25px\u00bb hover_enabled=\u00bb0&#8243; global_colors_info=\u00bb{}\u00bb sticky_transition=\u00bbon\u00bb header_background_color=\u00bb#06266b\u00bb sticky_enabled=\u00bb0&#8243;][\/et_pb_pricing_table][et_pb_pricing_table featured=\u00bbon\u00bb title=\u00bbComunidad Externa\u00bb subtitle=\u00bbConsulta\u00bb sum=\u00bb$650.00 MX\u00bb _builder_version=\u00bb4.27.6&#8243; _module_preset=\u00bbdefault\u00bb body_font_size=\u00bb13px\u00bb price_font_size=\u00bb25px\u00bb hover_enabled=\u00bb0&#8243; global_colors_info=\u00bb{}\u00bb sticky_transition=\u00bbon\u00bb header_background_color=\u00bb#06266b\u00bb sticky_enabled=\u00bb0&#8243;][\/et_pb_pricing_table][\/et_pb_pricing_tables][et_pb_text _builder_version=\u00bb4.27.6&#8243; _module_preset=\u00bbdefault\u00bb text_font_size=\u00bb17px\u00bb hover_enabled=\u00bb0&#8243; global_colors_info=\u00bb{}\u00bb sticky_enabled=\u00bb0&#8243;]<\/p>\n<div><span><b>Procedimiento para agendar una cita:<\/b><\/span><\/div>\n<div><span><span><span>1. Llame al tel\u00e9fono 55 56 23 23 00 ext. 45013. de lunes a viernes 09:00 a 18:00 hrs. o env\u00ede un correo a <a href=\"mailto:contacto-lcnh@facmed.unam.mx\" style=\"font-size: 14px;\"><span class=\"s3\">contacto-lcnh@facmed.unam.mx<\/span><\/a><\/span><\/span><\/span><\/div>\n<div>2. Es importante que tenga a la mano su CURP, n\u00famero de cuenta o trabajador (seg\u00fan el caso), correo electr\u00f3nico y n\u00famero de contacto.<\/div>\n<div>\n<p><span><span><span>3. Una vez realizada la cita, recibir\u00e1 un correo de confirmaci\u00f3n.<\/span><\/span><\/span><\/p>\n<p><strong>Opciones de pago:<\/strong><\/p>\n<\/div>\n<div><span><span><span><span>a) <\/span><\/span><\/span><\/span>Pago en la caja de la Facultad de Medicina con voucher impreso.<span><span><span><br \/>b) Pago en l\u00ednea. <a href=\"https:\/\/www.tiendaenlinea.unam.mx\/productos?search=consulta%20de%20atencion%20nutricional\">Enlace<\/a><\/span><\/span><\/span><\/div>\n<div><span><span><span> <a href=\"https:\/\/www.tiendaenlinea.unam.mx\/productos?search=nutrici%C3%B3n\"><span style=\"text-decoration: underline; color: #0c71c3;\"><\/span><\/a><\/span><\/span><\/span><span>\u00a0<\/span><\/div>\n<div>\n<div><span><b>Documentos que deber\u00e1 presentar el d\u00eda de su cita:<\/b><\/span><\/div>\n<\/div>\n<div>\n<div><span>1. Identificaci\u00f3n (credencial de estudiante, trabajador, INE o pasaporte).<\/span><\/div>\n<\/div>\n<div>\n<div><span>2. Comprobante de pago.<\/span><\/div>\n<\/div>\n<div>\n<div><span>\u00a0<\/span><\/div>\n<\/div>\n<div>\n<p class=\"p1\"><b>Por respeto a las dem\u00e1s personas, solo podemos esperarle 10 minutos.<\/b><\/p>\n<\/div>\n<p><strong><\/strong><\/p>\n<p>[\/et_pb_text][et_pb_text _builder_version=\u00bb4.22.1&#8243; _module_preset=\u00bbdefault\u00bb custom_margin=\u00bb-23px|||||\u00bb global_colors_info=\u00bb{}\u00bb][\/et_pb_text][\/et_pb_column][\/et_pb_row][\/et_pb_section][et_pb_section fb_built=\u00bb1&#8243; _builder_version=\u00bb4.22.1&#8243; _module_preset=\u00bbdefault\u00bb min_height=\u00bb737.6px\u00bb custom_margin=\u00bb0px|||||\u00bb custom_padding=\u00bb||34px|||\u00bb global_colors_info=\u00bb{}\u00bb][et_pb_row column_structure=\u00bb1_3,1_3,1_3&#8243; _builder_version=\u00bb4.22.1&#8243; _module_preset=\u00bbdefault\u00bb custom_margin=\u00bb-464px|auto||auto||\u00bb global_colors_info=\u00bb{}\u00bb][et_pb_column type=\u00bb1_3&#8243; _builder_version=\u00bb4.22.1&#8243; _module_preset=\u00bbdefault\u00bb global_colors_info=\u00bb{}\u00bb][\/et_pb_column][et_pb_column type=\u00bb1_3&#8243; _builder_version=\u00bb4.22.1&#8243; _module_preset=\u00bbdefault\u00bb global_colors_info=\u00bb{}\u00bb][et_pb_text _builder_version=\u00bb4.22.1&#8243; _module_preset=\u00bbdefault\u00bb text_font_size=\u00bb22px\u00bb global_colors_info=\u00bb{}\u00bb]<\/p>\n<p style=\"text-align: center;\"><strong>\u00bfC\u00f3mo llegar?<\/strong><\/p>\n<p>[\/et_pb_text][\/et_pb_column][et_pb_column type=\u00bb1_3&#8243; _builder_version=\u00bb4.22.1&#8243; _module_preset=\u00bbdefault\u00bb global_colors_info=\u00bb{}\u00bb][\/et_pb_column][\/et_pb_row][et_pb_row column_structure=\u00bb1_2,1_2&#8243; _builder_version=\u00bb4.22.1&#8243; _module_preset=\u00bbdefault\u00bb global_colors_info=\u00bb{}\u00bb][et_pb_column type=\u00bb1_2&#8243; _builder_version=\u00bb4.22.1&#8243; _module_preset=\u00bbdefault\u00bb global_colors_info=\u00bb{}\u00bb][et_pb_video src=\u00bbhttps:\/\/nutricion.facmed.unam.mx\/wp-content\/uploads\/2025\/05\/ruta_Atenc_Nutricional_marz25-1.mp4&#8243; _builder_version=\u00bb4.22.1&#8243; _module_preset=\u00bbdefault\u00bb global_colors_info=\u00bb{}\u00bb][\/et_pb_video][\/et_pb_column][et_pb_column type=\u00bb1_2&#8243; _builder_version=\u00bb4.22.1&#8243; _module_preset=\u00bbdefault\u00bb global_colors_info=\u00bb{}\u00bb][et_pb_video src=\u00bbhttps:\/\/nutricion.facmed.unam.mx\/wp-content\/uploads\/2025\/05\/A_Nutri_acceso_marzo25-1.mp4&#8243; _builder_version=\u00bb4.22.1&#8243; _module_preset=\u00bbdefault\u00bb global_colors_info=\u00bb{}\u00bb][\/et_pb_video][\/et_pb_column][\/et_pb_row][\/et_pb_section]<\/p>\n","protected":false},"excerpt":{"rendered":"<p>La Licenciatura en Ciencia de la Nutrici\u00f3n Humana ofrece a la comunidad-UNAM y poblaci\u00f3n en general atenci\u00f3n nutricia y promoci\u00f3n de la salud, con el fin de prevenir y atender problemas de salud relacionados con la alimentaci\u00f3n y nutrici\u00f3n. El modelo de atenci\u00f3n se basa en los est\u00e1ndares nacionales e internaciones de atenci\u00f3n nutricia. Le [&hellip;]<\/p>\n","protected":false},"author":4,"featured_media":0,"parent":0,"menu_order":0,"comment_status":"closed","ping_status":"closed","template":"","meta":{"_et_pb_use_builder":"on","_et_pb_old_content":"","_et_gb_content_width":"","footnotes":""},"class_list":["post-826","page","type-page","status-publish","hentry"],"yoast_head":"<!-- This site is optimized with the Yoast SEO plugin v27.6 - https:\/\/yoast.com\/product\/yoast-seo-wordpress\/ -->\n<title>Atenci\u00f3n Nutricional - Ciencia de la Nutrici\u00f3n Humana<\/title>\n<meta name=\"robots\" content=\"index, follow, max-snippet:-1, max-image-preview:large, max-video-preview:-1\" \/>\n<link rel=\"canonical\" href=\"https:\/\/nutricion.facmed.unam.mx\/index.php\/atencion-nutricion\/\" \/>\n<meta property=\"og:locale\" content=\"es_ES\" \/>\n<meta property=\"og:type\" content=\"article\" \/>\n<meta property=\"og:title\" content=\"Atenci\u00f3n Nutricional - Ciencia de la Nutrici\u00f3n Humana\" \/>\n<meta property=\"og:description\" content=\"La Licenciatura en Ciencia de la Nutrici\u00f3n Humana ofrece a la comunidad-UNAM y poblaci\u00f3n en general atenci\u00f3n nutricia y promoci\u00f3n de la salud, con el fin de prevenir y atender problemas de salud relacionados con la alimentaci\u00f3n y nutrici\u00f3n. El modelo de atenci\u00f3n se basa en los est\u00e1ndares nacionales e internaciones de atenci\u00f3n nutricia. Le [&hellip;]\" \/>\n<meta property=\"og:url\" content=\"https:\/\/nutricion.facmed.unam.mx\/index.php\/atencion-nutricion\/\" \/>\n<meta property=\"og:site_name\" content=\"Ciencia de la Nutrici\u00f3n Humana\" \/>\n<meta property=\"article:modified_time\" content=\"2026-04-20T14:31:52+00:00\" \/>\n<meta name=\"twitter:card\" content=\"summary_large_image\" \/>\n<meta name=\"twitter:label1\" content=\"Tiempo de lectura\" \/>\n\t<meta name=\"twitter:data1\" content=\"2 minutos\" \/>\n<script type=\"application\/ld+json\" class=\"yoast-schema-graph\">{\"@context\":\"https:\\\/\\\/schema.org\",\"@graph\":[{\"@type\":\"WebPage\",\"@id\":\"https:\\\/\\\/nutricion.facmed.unam.mx\\\/index.php\\\/atencion-nutricion\\\/\",\"url\":\"https:\\\/\\\/nutricion.facmed.unam.mx\\\/index.php\\\/atencion-nutricion\\\/\",\"name\":\"Atenci\u00f3n Nutricional - Ciencia de la Nutrici\u00f3n Humana\",\"isPartOf\":{\"@id\":\"https:\\\/\\\/nutricion.facmed.unam.mx\\\/#website\"},\"datePublished\":\"2023-11-08T07:14:20+00:00\",\"dateModified\":\"2026-04-20T14:31:52+00:00\",\"breadcrumb\":{\"@id\":\"https:\\\/\\\/nutricion.facmed.unam.mx\\\/index.php\\\/atencion-nutricion\\\/#breadcrumb\"},\"inLanguage\":\"es\",\"potentialAction\":[{\"@type\":\"ReadAction\",\"target\":[\"https:\\\/\\\/nutricion.facmed.unam.mx\\\/index.php\\\/atencion-nutricion\\\/\"]}]},{\"@type\":\"BreadcrumbList\",\"@id\":\"https:\\\/\\\/nutricion.facmed.unam.mx\\\/index.php\\\/atencion-nutricion\\\/#breadcrumb\",\"itemListElement\":[{\"@type\":\"ListItem\",\"position\":1,\"name\":\"Portada\",\"item\":\"https:\\\/\\\/nutricion.facmed.unam.mx\\\/\"},{\"@type\":\"ListItem\",\"position\":2,\"name\":\"Atenci\u00f3n Nutricional\"}]},{\"@type\":\"WebSite\",\"@id\":\"https:\\\/\\\/nutricion.facmed.unam.mx\\\/#website\",\"url\":\"https:\\\/\\\/nutricion.facmed.unam.mx\\\/\",\"name\":\"Ciencia de la Nutrici\u00f3n Humana\",\"description\":\"FACMED UNAM\",\"potentialAction\":[{\"@type\":\"SearchAction\",\"target\":{\"@type\":\"EntryPoint\",\"urlTemplate\":\"https:\\\/\\\/nutricion.facmed.unam.mx\\\/?s={search_term_string}\"},\"query-input\":{\"@type\":\"PropertyValueSpecification\",\"valueRequired\":true,\"valueName\":\"search_term_string\"}}],\"inLanguage\":\"es\"}]}<\/script>\n<!-- \/ Yoast SEO plugin. -->","yoast_head_json":{"title":"Atenci\u00f3n Nutricional - Ciencia de la Nutrici\u00f3n Humana","robots":{"index":"index","follow":"follow","max-snippet":"max-snippet:-1","max-image-preview":"max-image-preview:large","max-video-preview":"max-video-preview:-1"},"canonical":"https:\/\/nutricion.facmed.unam.mx\/index.php\/atencion-nutricion\/","og_locale":"es_ES","og_type":"article","og_title":"Atenci\u00f3n Nutricional - Ciencia de la Nutrici\u00f3n Humana","og_description":"La Licenciatura en Ciencia de la Nutrici\u00f3n Humana ofrece a la comunidad-UNAM y poblaci\u00f3n en general atenci\u00f3n nutricia y promoci\u00f3n de la salud, con el fin de prevenir y atender problemas de salud relacionados con la alimentaci\u00f3n y nutrici\u00f3n. El modelo de atenci\u00f3n se basa en los est\u00e1ndares nacionales e internaciones de atenci\u00f3n nutricia. Le [&hellip;]","og_url":"https:\/\/nutricion.facmed.unam.mx\/index.php\/atencion-nutricion\/","og_site_name":"Ciencia de la Nutrici\u00f3n Humana","article_modified_time":"2026-04-20T14:31:52+00:00","twitter_card":"summary_large_image","twitter_misc":{"Tiempo de lectura":"2 minutos"},"schema":{"@context":"https:\/\/schema.org","@graph":[{"@type":"WebPage","@id":"https:\/\/nutricion.facmed.unam.mx\/index.php\/atencion-nutricion\/","url":"https:\/\/nutricion.facmed.unam.mx\/index.php\/atencion-nutricion\/","name":"Atenci\u00f3n Nutricional - Ciencia de la Nutrici\u00f3n Humana","isPartOf":{"@id":"https:\/\/nutricion.facmed.unam.mx\/#website"},"datePublished":"2023-11-08T07:14:20+00:00","dateModified":"2026-04-20T14:31:52+00:00","breadcrumb":{"@id":"https:\/\/nutricion.facmed.unam.mx\/index.php\/atencion-nutricion\/#breadcrumb"},"inLanguage":"es","potentialAction":[{"@type":"ReadAction","target":["https:\/\/nutricion.facmed.unam.mx\/index.php\/atencion-nutricion\/"]}]},{"@type":"BreadcrumbList","@id":"https:\/\/nutricion.facmed.unam.mx\/index.php\/atencion-nutricion\/#breadcrumb","itemListElement":[{"@type":"ListItem","position":1,"name":"Portada","item":"https:\/\/nutricion.facmed.unam.mx\/"},{"@type":"ListItem","position":2,"name":"Atenci\u00f3n Nutricional"}]},{"@type":"WebSite","@id":"https:\/\/nutricion.facmed.unam.mx\/#website","url":"https:\/\/nutricion.facmed.unam.mx\/","name":"Ciencia de la Nutrici\u00f3n Humana","description":"FACMED UNAM","potentialAction":[{"@type":"SearchAction","target":{"@type":"EntryPoint","urlTemplate":"https:\/\/nutricion.facmed.unam.mx\/?s={search_term_string}"},"query-input":{"@type":"PropertyValueSpecification","valueRequired":true,"valueName":"search_term_string"}}],"inLanguage":"es"}]}},"jetpack_sharing_enabled":true,"_links":{"self":[{"href":"https:\/\/nutricion.facmed.unam.mx\/index.php\/wp-json\/wp\/v2\/pages\/826","targetHints":{"allow":["GET"]}}],"collection":[{"href":"https:\/\/nutricion.facmed.unam.mx\/index.php\/wp-json\/wp\/v2\/pages"}],"about":[{"href":"https:\/\/nutricion.facmed.unam.mx\/index.php\/wp-json\/wp\/v2\/types\/page"}],"author":[{"embeddable":true,"href":"https:\/\/nutricion.facmed.unam.mx\/index.php\/wp-json\/wp\/v2\/users\/4"}],"replies":[{"embeddable":true,"href":"https:\/\/nutricion.facmed.unam.mx\/index.php\/wp-json\/wp\/v2\/comments?post=826"}],"version-history":[{"count":41,"href":"https:\/\/nutricion.facmed.unam.mx\/index.php\/wp-json\/wp\/v2\/pages\/826\/revisions"}],"predecessor-version":[{"id":2167,"href":"https:\/\/nutricion.facmed.unam.mx\/index.php\/wp-json\/wp\/v2\/pages\/826\/revisions\/2167"}],"wp:attachment":[{"href":"https:\/\/nutricion.facmed.unam.mx\/index.php\/wp-json\/wp\/v2\/media?parent=826"}],"curies":[{"name":"wp","href":"https:\/\/api.w.org\/{rel}","templated":true}]}}